te the highest common factor of 1674 and 13824.
54
Calculate the greatest common divisor of 27384 and 8.
8
What is the greatest common factor of 396 and 4708?
44
What is the greatest common factor of 52 and 3776396?
52
Calculate the highest common factor of 16 and 1372.
4
Calculate the highest common factor of 1188 and 53163.
297
What is the highest common factor of 8372 and 196?
28
Calculate the highest common factor of 10280 and 2890.
10
Calculate the greatest common factor of 2380 and 36448.
68
What is the greatest common factor of 55 and 472890?
55
Calculate the highest common factor of 83922 and 114.
6
Calculate the highest common divisor of 88695 and 495.
45
Calculate the greatest common divisor of 50512 and 528.
176
What is the highest common factor of 23575 and 361825?
1025
Calculate the highest common factor of 1443 and 52170.
111
Calculate the greatest common divisor of 745382 and 374.
374
Calculate the greatest common factor of 51 and 3162.
51
Calculate the greatest common divisor of 197177 and 269.
269
What is the greatest common divisor of 319977 and 1008?
63
What is the greatest common factor of 3464 and 392?
8
Calculate the highest common factor of 149065 and 35.
35
What is the greatest common factor of 350765 and 730?
365
Calculate the highest common divisor of 5490 and 124290.
90
Calculate the highest common factor of 26240 and 3590.
10
What is the highest common divisor of 17334 and 90?
18
What is the greatest common divisor of 1664504 and 136?
136
What is the highest common divisor of 742290 and 34335?
1635
What is the greatest common factor of 24644 and 14274?
122
Calculate the highest common divisor of 9175397 and 406.
203
What is the greatest common divisor of 35030 and 310?
310
What is the greatest common divisor of 2744 and 98?
98
Calculate the greatest common factor of 896 and 153104.
112
What is the highest common factor of 374881 and 416?
13
Calculate the greatest common factor of 278833 and 53.
53
What is the greatest common divisor of 14647 and 302?
151
What is the greatest common divisor of 92 and 68?
4
Calculate the highest common factor of 11 and 4268.
11
What is the greatest common divisor of 1583317 and 2602?
1301
What is the highest common divisor of 170 and 10580?
10
Calculate the highest common divisor of 63780 and 180.
60
Calculate the greatest common divisor of 2175 and 779955.
435
Calculate the highest common divisor of 158 and 15721.
79
What is the highest common divisor of 39661 and 51?
17
Calculate the highest common factor of 11514 and 304.
38
Calculate the greatest common divisor of 190980 and 180.
180
Calculate the greatest common divisor of 1702 and 2294.
74
Calculate the highest common divisor of 2895 and 59637.
579
What is the highest common divisor of 21802 and 154?
22
Calculate the greatest common divisor of 154483 and 609.
203
What is the highest common factor of 12 and 3415278?
6
What is the greatest common divisor of 5391685 and 5668?
1417
What is the highest common factor of 510 and 10236?
6
Calculate the highest common factor of 44727 and 357.
51
What is the greatest common divisor of 4278 and 12282?
138
What is the greatest common divisor of 451356 and 72?
12
Calculate the greatest common factor of 288 and 16164.
36
What is the greatest common divisor of 4118 and 1421?
29
What is the highest common factor of 780 and 27820?
260
Calculate the greatest common factor of 174456 and 234.
18
What is the highest common divisor of 154320 and 1248?
48
Calculate the highest common factor of 68 and 123976.
4
Calculate the greatest common divisor of 135235 and 370.
185
What is the greatest common factor of 10 and 2867120?
10
Calculate the highest common factor of 632 and 8270036.
316
Calculate the greatest common divisor of 1675276 and 4.
4
Calculate the highest common factor of 261 and 6989.
29
What is the greatest common factor of 567 and 399?
21
Calculate the greatest common divisor of 155 and 272645.
155
What is the greatest common factor of 676632 and 605?
121
What is the highest common divisor of 39408 and 188009?
821
Calculate the highest common factor of 1032594 and 12.
6
What is the greatest common divisor of 32 and 47408?
16
Calculate the greatest common divisor of 840 and 176340.
60
Calculate the highest common factor of 25 and 9665.
5
What is the highest common factor of 728195 and 1105?
1105
Calculate the greatest common factor of 64848 and 20832.
336
Calculate the greatest common divisor of 61388 and 2060.
412
What is the greatest common divisor of 220 and 18590?
110
Calculate the greatest common divisor of 26 and 117.
13
What is the highest common divisor of 139 and 73?
1
What is the greatest common divisor of 17122 and 14?
14
What is the highest common factor of 22675 and 25?
25
Calculate the highest common divisor of 42 and 34538.
14
Calculate the highest common divisor of 784 and 60564.
196
Calculate the highest common factor of 2 and 3919.
1
Calculate the highest common divisor of 1342 and 12810.
122
What is the highest common divisor of 227 and 170250?
227
Calculate the highest common factor of 93 and 2091.
3
What is the greatest common divisor of 392 and 7672?
56
What is the highest common divisor of 1124525 and 5?
5
Calculate the highest common factor of 1770372 and 324.
36
What is the highest common factor of 189 and 136479?
21
What is the highest common factor of 27 and 975078?
27
What is the highest common factor of 465970 and 1870?
170
What is the highest common factor of 666 and 419802?
222
What is the highest common divisor of 101099 and 3443?
313
What is the greatest common divisor of 443506 and 2406?
802
What is the highest common factor of 4142 and 1216?
38
Calculate the highest common factor of 6650 and 36974.
266
What is the greatest common divisor of 3110 and 40?
10
What is the greatest common factor of 12529 and 5940?
11
What is the greatest common factor of 739986 and 234?
78
Calculate the highest common factor of 999 and 1677321.
999
What is the highest common divisor of 262013 and 547?
547
Calculate the greatest common divisor of 247208 and 8.
8
Calculate the greatest common factor of 605691 and 216.
27
What is the highest common divisor of 15 and 4205140?
5
What is the greatest common factor of 36249 and 645?
129
What is the highest common factor of 127728 and 144?
144
Calculate the highest common factor of 61810 and 126.
14
Calculate the greatest common divisor of 926 and 26.
2
Calculate the highest common divisor of 123013 and 13409.
583
Calculate the highest common factor of 39430 and 30.
10
What is the highest common factor of 10860 and 35790?
30
Calculate the greatest common divisor of 29376 and 432.
432
Calculate the greatest common divisor of 71175 and 915.
15
Calculate the greatest common factor of 108 and 943380.
108
Calculate the greatest common factor of 6019 and 39.
13
Calculate the greatest common divisor of 38823867 and 243.
243
Calculate the highest common factor of 558695 and 475.
95
Calculate the greatest common factor of 178 and 168566.
178
What is the greatest common factor of 223378 and 134?
134
What is the highest common divisor of 2420 and 1820?
20
What is the highest common divisor of 4469 and 872?
109
What is the highest common factor of 6428 and 2?
2
What is the highest common divisor of 61500 and 9600?
300
What is the highest common factor of 272 and 503642?
34
What is the greatest common factor of 2033 and 609151?
107
Calculate the highest common factor of 472 and 95816.
472
What is the greatest common factor of 7675 and 93328?
307
Calculate the highest common factor of 138 and 331062.
138
Calculate the highest common divisor of 99603 and 35.
7
Calculate the highest common divisor of 630 and 197010.
90
What is the greatest common factor of 880 and 127280?
80
Calculate the greatest common factor of 213 and 22081.
71
Calculate the highest common divisor of 903 and 197841.
21
What is the greatest common factor of 567 and 26019?
63
Calculate the highest common factor of 1296 and 5784.
24
Calculate the highest common divisor of 10680 and 1080.
120
Calculate the greatest common factor of 17610 and 474.
6
What is the highest common divisor of 111992 and 40?
8
What is the greatest common divisor of 1427295 and 60?
15
What is the highest c